
0
What is the remainder when 473 is divided by 25?
23
What is the remainder when 854 is divided by 318?
218
Calculate the remainder when 7984 is divided by 49.
46
What is the remainder when 454 is divided by 4?
2
Calculate the remainder when 181 is divided by 64.
53
What is the remainder when 91 is divided by 24?
19
What is the remainder when 255 is divided by 6?
3
What is the remainder when 1336 is divided by 650?
36
What is the remainder when 836 is divided by 500?
336
Calculate the remainder when 48 is divided by 5.
3
What is the remainder when 42 is divided by 26?
16
What is the remainder when 2470 is divided by 94?
26
Calculate the remainder when 117 is divided by 35.
12
Calculate the remainder when 1042 is divided by 267.
241
Calculate the remainder when 342 is divided by 35.
27
Calculate the remainder when 2030 is divided by 19.
16
What is the remainder when 137 is divided by 6?
5
Calculate the remainder when 2005 is divided by 53.
44
What is the remainder when 5153 is divided by 5?
3
Calculate the remainder when 391 is divided by 79.
75
What is the remainder when 22911 is divided by 114?
111
Calculate the remainder when 183 is divided by 47.
42
Calculate the remainder when 345 is divided by 157.
31
What is the remainder when 1433 is divided by 45?
38
Calculate the remainder when 10520 is divided by 9.
8
What is the remainder when 252 is divided by 22?
10
What is the remainder when 62 is divided by 7?
6
What is the remainder when 215 is divided by 6?
5
Calculate the remainder when 44 is divided by 23.
21
What is the remainder when 1005 is divided by 36?
33
Calculate the remainder when 341 is divided by 40.
21
What is the remainder when 116 is divided by 44?
28
What is the remainder when 867 is divided by 160?
67
What is the remainder when 5105 is divided by 23?
22
What is the remainder when 294 is divided by 64?
38
Calculate the remainder when 184 is divided by 46.
0
What is the remainder when 119 is divided by 71?
48
Calculate the remainder when 67 is divided by 7.
4
What is the remainder when 672 is divided by 322?
28
Calculate the remainder when 14932 is divided by 36.
28
What is the remainder when 416 is divided by 60?
56
What is the remainder when 772 is divided by 28?
16
What is the remainder when 185 is divided by 31?
30
Calculate the remainder when 234 is divided by 15.
9
Calculate the remainder when 33 is divided by 17.
16
Calculate the remainder when 2663 is divided by 266.
3
What is the remainder when 428 is divided by 46?
14
What is the remainder when 95 is divided by 4?
3
What is the remainder when 79 is divided by 51?
28
Calculate the remainder when 324 is divided by 205.
119
Calculate the remainder when 319 is divided by 184.
135
Calculate the remainder when 77 is divided by 39.
38
Calculate the remainder when 273 is divided by 23.
20
What is the remainder when 2538 is divided by 11?
8
Calculate the remainder when 97 is divided by 50.
47
Calculate the remainder when 9030 is divided by 28.
14
Calculate the remainder when 644 is divided by 27.
23
What is the remainder when 70 is divided by 51?
19
What is the remainder when 353 is divided by 6?
5
What is the remainder when 912 is divided by 64?
16
Calculate the remainder when 872 is divided by 7.
4
What is the remainder when 164 is divided by 58?
48
Calculate the remainder when 193 is divided by 46.
9
Calculate the remainder when 1207 is divided by 55.
52
What is the remainder when 270 is divided by 23?
17
Calculate the remainder when 1169 is divided by 45.
44
What is the remainder when 393 is divided by 10?
3
Calculate the remainder when 322 is divided by 30.
22
What is the remainder when 1020 is divided by 79?
72
Calculate the remainder when 62 is divided by 16.
14
Calculate the remainder when 2580 is divided by 62.
38
What is the remainder when 6058 is divided by 73?
72
What is the remainder when 4421 is divided by 59?
55
Calculate the remainder when 379 is divided by 98.
85
Calculate the remainder when 3812 is divided by 82.
40
Calculate the remainder when 627 is divided by 166.
129
What is the remainder when 4878 is divided by 20?
18
What is the remainder when 711 is divided by 89?
88
Calculate the remainder when 31 is divided by 18.
13
Calculate the remainder when 110 is divided by 5.
0
What is the remainder when 3106 is divided by 21?
19
Calculate the remainder when 853 is divided by 45.
43
Calculate the remainder when 244 is divided by 72.
28
Calculate the remainder when 1300 is divided by 31.
29
What is the remainder when 117 is divided by 51?
15
What is the remainder when 93 is divided by 66?
27
What is the remainder when 215 is divided by 18?
17
Calculate the remainder when 124 is divided by 8.
4
Calculate the remainder when 1511 is divided by 7.
6
Calculate the remainder when 7019 is divided by 13.
12
Calculate the remainder when 1058 is divided by 39.
5
What is the remainder when 61 is divided by 51?
10
Calculate the remainder when 1837 is divided by 205.
197
What is the remainder when 92 is divided by 16?
12
Calculate the remainder when 833 is divided by 262.
47
What is the remainder when 45 is divided by 33?
12
Calculate the remainder when 112 is divided by 41.
30
Calculate the remainder when 1106 is divided by 225.
206
Calculate the remainder when 6745 is divided by 22.
13
What is the remainder when 171 is divided by 39?
15
What is the remainder when 1562 is divided by 737?
88
Calculate the remainder when 4409 is divided by 11.
9
Calculate the remainder when 543 is divided by 26.
23
What is the remainder when 34 is divided by 22?
12
What is the remainder when 244 is divided by 101?
42
What is the remainder when 22 is divided by 9?
4
Calculate the remainder when 173 is divided by 64.
45
What is the remainder when 2079 is divided by 13?
12
Calculate the remainder when 249 is divided by 92.
65
What is the remainder when 3368 is divided by 1121?
5
What is the remainder when 198 is divided by 25?
23
Calculate the remainder when 1428 is divided by 5.
3
What is the remainder when 1296 is divided by 3?
0
What is the remainder when 9781 is divided by 146?
145
What is the remainder when 1140 is divided by 220?
40
What is the remainder when 3075 is divided by 56?
51
Calculate the remainder when 9156 is divided by 129.
126
Calculate the remainder when 124 is divided by 7.
5
Calculate the remainder when 698 is divided by 78.
74
Calculate the remainder when 152 is divided by 47.
11
Calculate the remainder when 357 is divided by 60.
57
What is the remainder when 897 is divided by 30?
27
What is the remainder when 666 is divided by 33?
6
What is the remainder when 230 is divided by 115?
0
What is the remainder when 1217 is divided by 166?
55
Calculate the remainder when 161 is divided by 20.
1
Calculate the remainder when 84 is divided by 24.
12
What is the remainder when 206 is divided by 54?
44
What is the remainder when 21 is divided by 2?
1
What is the remainder when 185 is divided by 151?
34
Calculate the remainder when 282 is divided by 16.
10
What is the remainder when 1525 is divided by 45?
40
Calculate the remainder when 3076 is divided by 23.
17
Calculate the remainder when 1570 is divided by 25.
20
What is the remainder when 1907 is divided by 21?
17
Calculate the remainder when 26 is divided by 18.
8
What is the remainder when 247 is divided by 143?
104
Calculate the remainder when 7917 is divided by 40.
37
What is the remainder when 349 is divided by 44?
41
Calculate the remainder when 228 is divided by 77.
74
Calculate the remainder when 9485 is divided by 130.
125
What is the remainder when 2619 is divided by 9?
0
What is the remainder when 91 is divided by 31?
29
What is the remainder when 77 is divided by 21?
14
What is the remainder when 9826 is divided by 13?
11
Calculate the remainder when 864 is divided by 28.
24
Calculate the remainder when 371 is divided by 15.
11
Calculate the remainder when 503 is divided by 39.
35
Calculate the remainder when 41 is divided by 8.
1
What is the remainder when 263 is divided by 140?
123
What is the remainder when 4257 is divided by 15?
12
What is the remainder when 344 is divided by 72?
56
What is the remainder when 210 is divided by 66?
12
What is the remainder when 127 is divided by 15?
7
Calculate the remainde